 821
Let l = 71 - 67. Suppose 2*n - 26 = -l*t + 50, 0 = -3*n - 6. List the prime factors of t.
2, 5
Let d = -369 - -1174. What are the prime factors of d?
5, 7, 23
Suppose 2*d = c - 21, 61 = 5*c - 3*d - 9. Let q = c + 3. Let p = 23 + q. List the prime factors of p.
37
Suppose -4*f + 235 = 5*n, 14 = 3*n + 5. Suppose 2*v - 195 = -4*g + f, 482 = 4*v + 2*g. List the prime factors of v.
7, 17
Let y(z) be the second derivative of z**5/20 + 7*z**4/12 - 4*z**3/3 - 2*z**2 - 18*z. What are the prime factors of y(-7)?
2, 13
Let l(i) = i**2 - 10*i + 8. Suppose -4*c + 4 = -3*c. Suppose 3*a - 38 = -4*p, a + c*a + p - 52 = 0. What are the prime factors of l(a)?
2
Suppose -2*t + 8883 = 19*t. What are the prime factors of t?
3, 47
Suppose -x + 8 = -2*u + 7*u, -2*u + 5 = x. Suppose x*w - 2*w - 23 = 0. What are the prime factors of w?
23
Suppose 9*l - 547 = -358. What are the prime factors of l?
3, 7
Suppose 0*k + 4*k - 340 = 0. Suppose 0 = 2*g - 43 - k. List the prime factors of g.
2
Suppose -5*f - 4*d + 3694 = 0, 0*f - 2*d = 3*f - 2218. Suppose -858 = -10*w + f. List the prime factors of w.
2, 5
Let w(m) = 2*m**2 - 2. Suppose 4*i = 0, -4*h + 15 = -h + 2*i. Let u be w(h). Let o = -16 + u. List the prime factors of o.
2
Suppose 5*t = -p + 6232, -2*p - 8 = -6*p. List the prime factors of t.
2, 7, 89
Let f = -13 - 25. Let g = 41 + f. Suppose g*r = -0*c + 2*c + 221, c = -1. List the prime factors of r.
73
Let p = 408 + -7. List the prime factors of p.
401
Let k(i) = -31*i + 58. Suppose -19*d + 18 = -22*d. List the prime factors of k(d).
2, 61
Suppose -4*f - 16 = 0, 2*x - 4*f + 5*f = 22. Let j = 61 + -66. Let m = x - j. What are the prime factors of m?
2, 3
Let p = -39 + 55. Suppose -2*d - 2*d + p = 0. What are the prime factors of 50 + (8 - d) - -4?
2, 29
Let b(z) = -z**2 - 7*z + 12. Let y be b(-8). Suppose y*w + w - 10 = 0. Suppose 5*m - 3*m = -p + 29, 5*m + w*p = 71. List the prime factors of m.
13
Suppose -4*v + 290 = k + k, -4*k = -4*v - 628. Suppose 2*c - k = 1. List the prime factors of c.
7, 11
Suppose 4*r - 29 = -13. Let g = 0 + r. Suppose 0 = -5*k + g*p - 2*p + 182, 12 = 3*p. What are the prime factors of k?
2, 19
Let q(x) = 9*x**2 + 2*x + 2. Let c be q(4). Let d = -13 - -18. Suppose d*j - 131 = c. List the prime factors of j.
3, 19
Suppose -64*r + 1150 = -59*r. What are the prime factors of r?
2, 5, 23
Let m(b) = 5 + 0 + 113*b - 110*b. What are the prime factors of m(8)?
29
Suppose 5*f - 2*y = 4707 + 87, -4*f - 2*y + 3828 = 0. List the prime factors of f.
2, 479
Let l(u) = -3*u - 8. Let j be l(-8). Let m(a) be the second derivative of -a**4/12 + 3*a**3 - 2*a**2 + 4*a + 5. What are the prime factors of m(j)?
2, 7
Suppose 10666 = 57*g - 3014. List the prime factors of g.
2, 3, 5
Suppose -2*k - 60 = -6*k. Let i = -13 + k. Suppose -72 = -4*q - 4*d, 3*q + i*d = -q + 80. List the prime factors of q.
2, 11
Suppose -368 = -5*z + q, 0 = -z + 3*z - 2*q - 152. What are the prime factors of z?
73
Let f(p) = -p**2 - 12*p - 15. Let g be f(-10). Suppose g*l + 0*l = 0. Suppose -3*z + 3*n - 19 = -61, -z + 3*n + 20 = l. List the prime factors of z.
11
Suppose -7*z = -2*z. Suppose -4*g - 16 = d, 4*d - 4*g + 4 + 0 = z. List the prime factors of 10*(8/d)/(-2).
2, 5
What are the prime factors of 4/12 - 284020/(-60)?
2, 3, 263
Let x(m) be the first derivative of -12*m**2 - 63*m - 34. List the prime factors of x(-6).
3
Let c(x) = 5*x**2 - 10*x + 156. List the prime factors of c(-17).
7, 11, 23
Let u be ((-13)/(-4) - 3)*5864/2. Suppose 5*z + 73 = u. What are the prime factors of z?
2, 3, 11
Suppose -4 - 4 = -2*l. Let x be (-25)/10*l*1. What are the prime factors of (0 + 4/(-5))*x?
2
Suppose j + 96 = 5*j. Let m(z) = -z**3 - 9*z**2 - 11*z - 8. Let h be m(-8). List the prime factors of (-20)/(-3)*j/h.
2, 5
Suppose 5*c = -2*y + 1 + 4, 3*y = -c + 14. Suppose 0 = -y*w + 19 + 1. Suppose 0 = -0*r - 2*r + w, 3*d - 165 = 3*r. List the prime factors of d.
3, 19
Suppose -3*v + 3*w = -8001, -4*v - 4*w = -16741 + 6081. List the prime factors of v.
2, 31, 43
Let f(g) = 183*g - 5. Let s be f(5). Suppose 3*z = 5*p - 25 - s, 3*p - 2*z = 560. What are the prime factors of p?
2, 5, 19
Let l = -29 + 54. Let n = -22 + l. Suppose n*a = 144 - 42. List the prime factors of a.
2, 17
Let g(p) = p**3 + 3*p**2 - 4*p + 3. Let r = 17 + -21. Let w be g(r). What are the prime factors of w + 1*24*1?
3
Let t = 14 - 7. Let v(b) = b - 3. Let w be v(t). Suppose 0 = -w*u + n - 2*n + 20, -3*u - 4*n = -15. What are the prime factors of u?
5
Suppose 2*y - 6 = 5*j, 5*j + 5 = y - 3. List the prime factors of ((-536)/(4 - 0))/y.
67
Suppose 2*c + 4*w = 182, -86 - 314 = -5*c + w. Let l be c/2*(-2)/(-3). List the prime factors of 8 + 0 + -4 + l.
31
Let f be 15/(-25) + 3/5. Let j(v) = v**2 - v. Let n be j(f). Suppose n = -8*m + 3*m + 5*t + 80, m = -5*t - 8. List the prime factors of m.
2, 3
Let u = -5 - -4. Let k(x) = -149*x**2 - 13. Let v(s) = -37*s**2 - 3. Let h(d) = 2*k(d) - 9*v(d). List the prime factors of h(u).
2, 3
Suppose 5*p + 174 = -361. Let n = p + 44. Let a = n + 99. What are the prime factors of a?
2, 3
Suppose 15 = 6*m - m. Suppose 0 = m*r - 135 + 24. What are the prime factors of r?
37
Suppose -5*y = -3*k + 256, 20 = 4*k + 5*y - 368. Let c = k + -48. Let f = -30 + c. List the prime factors of f.
2, 7
Let t = -2231 - -4441. List the prime factors of t.
2, 5, 13, 17
List the prime factors of (1 + 0)*709*(-241 + 242).
709
Let t = 61 + -57. Suppose -4*f = -d + f + 175, 0 = -3*d + t*f + 569. What are the prime factors of d?
3, 5, 13
Let z(d) = d + 5. Let s be z(-8). Let c(o) = -o**3 + 3*o + 1. List the prime factors of c(s).
19
Let v = 235 - 166. List the prime factors of v.
3, 23
Let c(u) = 3*u - 4. Let d be c(5). Let q(m) = -m**2 + 11*m + 4. Let z be q(d). Suppose 3*g - z = -2*l, -5*g + 2*g + 2*l = -20. What are the prime factors of g?
2
Let h = -98 + 187. List the prime factors of h.
89
Suppose 5*j + 2*k + 17 = 0, -15*k = -14*k + 1. Let c = -6 + 4. List the prime factors of (j + c/2)*-2.
2
Let o = -1 + 24. Let b = -19 + o. Suppose 4 = -3*y - 2*t + 172, 0 = -5*y + b*t + 258. What are the prime factors of y?
2, 3
Suppose 3*g - 126 = g - 4*d, -2*d = 3*g - 209. Suppose -5*u + 4*u = -2. Suppose 0 = -5*w - n + g, -2*n - 49 = -w - u*w. List the prime factors of w.
3, 5
Let r(o) = 40*o - 29. Let l be r(5). Suppose -d = 5*v - l, 0*d + 5*d + 3*v - 789 = 0. List the prime factors of d.
2, 3, 13
List the prime factors of (-6168)/(-28)*5*(-28)/(-20).
2, 3, 257
Let m(w) = 2*w - 2. Let l be m(3). Suppose -l*x - 49 = -3*b + 73, 204 = 4*b + 5*x. What are the prime factors of b?
2, 23
Let h(v) be the first derivative of -3*v**2 - 6*v + 8. Let k be h(-5). Suppose 5*s = 9*s - k. List the prime factors of s.
2, 3
Let k(m) = m - 1. Let f(c) = -3 + 2 + 2*c + 0*c - c. Let a be f(8). List the prime factors of k(a).
2, 3
Let d(t) = t. Let s be d(2). Suppose 5*i = 3*g - 271, 3*i - 5 = -s*i. Suppose -4*v + v = j - 131, -2*v + g = -4*j. List the prime factors of v.
2, 11
Let k(r) = 7*r**2 + 7*r. Let j(u) = -3*u**2 - 3*u. Let o(x) = -5*j(x) - 2*k(x). Let i be o(-2). List the prime factors of i + 0 + 2 - -20.
2, 3
Let a be ((-8302)/(-35))/((-6)/(-15)). Let g = -347 + a. What are the prime factors of g?
2, 3, 41
Let r(d) = -18*d**3 - 2*d**2 - 5*d - 4. Let c be r(-3). Let g = 1733 - 1729. Suppose 183 - c = -g*t. What are the prime factors of t?
2, 37
Let x be -28 - 5*(-4)/(-10). Let i = 55 + x. List the prime factors of i.
5
Suppose -22*f + 4172 = -18*f. List the prime factors of f.
7, 149
Let a = -160 - -466. Suppose 13*z = 7*z + a. List the prime factors of z.
3, 17
Let n(i) = i**2 + i + 37. Let s be (1 - 9/3) + -3. Let k = -5 - s. What are the prime factors of n(k)?
37
Let i = -23 - -9. Let b = i + 12. What are the prime factors of (1 + 21)/(4 + b)?
11
What are the prime factors of (0 - 640/(-4)) + -5?
5, 31
List the prime factors of ((-185)/(-3))/((-59)/(-1239)).
5, 7, 37
Let d = -106 - -74. Let p = d - -54. Let g = -2 + p. List the prime factors of g.
2, 5
Let o be 8 + 5/((-10)/4). Suppose 33 = o*w - 9. Suppose w*s - 8*s = -25. What are the prime factors of s?
5
Let z(m) = m**3 - 6*m**2 + 11*m + 3. Let h(k) = k + 4. Let p be h(2). What are the prime factors of z(p)?
3, 23
Let k(c) be the third derivative of c**6/120 - c**5/6 + 3*c**4/8 +